{"id":199,"date":"2024-10-02T22:40:41","date_gmt":"2024-10-02T20:40:41","guid":{"rendered":"http:\/\/gci.ovh\/?page_id=199"},"modified":"2024-10-04T18:16:37","modified_gmt":"2024-10-04T16:16:37","slug":"histoire","status":"publish","type":"page","link":"https:\/\/gci.ovh\/?page_id=199","title":{"rendered":"Histoire"},"content":{"rendered":"\n<p>Jeune, dans ma compagne poitevine, avec \u00a0\u00ab\u00a0Tout l\u2019Univers\u00a0\u00bb que nous recevions tous les mois, je nourrissais ma curiosit\u00e9 pour tous les domaines scientifiques et bien sur,  la lune, les plan\u00e8tes, les galaxies et autres objets lointains, faisaient aussi partie de mon int\u00e9r\u00eat \u00e0 cette \u00e9poque.<\/p>\n\n\n\n<p>Avec une petite \u00a0lunette marine 8x\/25x qui m\u2019avait \u00e9t\u00e9 offerte dans ma 11<sup>\u00e8me<\/sup> ann\u00e9e, install\u00e9\u00a0 sur une chaise, en haut d\u2019un escalier, j\u2019observais, par un vasistas,\u00a0 le seul objet possible pour moi \u2026 \u00a0la lune et je croyais voir d\u00e9j\u00e0 , il me semble, quelques crat\u00e8res.<\/p>\n\n\n\n<p>La vie m\u2019ayant entrain\u00e9 vers la r\u00e9gion parisienne et ayant alors plus d\u2019attrait pour la montagne et les activit\u00e9s que l\u2019on y pratique, j\u2019ai laiss\u00e9 l\u2019envie de faire de l\u2019astronomie un peu de cot\u00e9.<br>C\u2019est donc bien de retour en province et quelques ann\u00e9es plus tard, fin 2010, que sur l\u2019int\u00e9r\u00eat soudain de mon fils d\u2019avoir un t\u00e9lescope je fus rattrap\u00e9 par mon d\u00e9sir d\u2019enfance.<br>Alors que mon fils s\u2019orienta vers d\u2019autres centres d\u2019int\u00e9r\u00eat, j&rsquo;ai moi-m\u00eame poursuivi ma voie dans cette nouvelle activit\u00e9 \u2026<\/p>\n\n\n\n<p>Le mat\u00e9riel ayant bien \u00e9volu\u00e9, je resterai certainement un astro-amateur peu encyclop\u00e9dique \u00a0\u2026 le GoTo et les outils d&rsquo;aide au pointage et au guidage aidant.<\/p>\n\n\n\n<p><\/p>\n","protected":false},"excerpt":{"rendered":"<p>Jeune, dans ma compagne poitevine, avec \u00a0\u00ab\u00a0Tout l\u2019Univers\u00a0\u00bb que nous recevions tous les mois, je nourrissais ma curiosit\u00e9 pour tous les domaines scientifiques et bien sur, la lune, les plan\u00e8tes, les galaxies et autres objets lointains, faisaient aussi partie de &hellip; <a href=\"https:\/\/gci.ovh\/?page_id=199\">Continuer la lecture <span class=\"meta-nav\">&rarr;<\/span><\/a><\/p>\n","protected":false},"author":1,"featured_media":0,"parent":0,"menu_order":0,"comment_status":"closed","ping_status":"closed","template":"","meta":{"saved_in_kubio":false,"footnotes":""},"class_list":["post-199","page","type-page","status-publish","hentry"],"kubio_ai_page_context":{"short_desc":"","purpose":"general"},"_links":{"self":[{"href":"https:\/\/gci.ovh\/index.php?rest_route=\/wp\/v2\/pages\/199","targetHints":{"allow":["GET"]}}],"collection":[{"href":"https:\/\/gci.ovh\/index.php?rest_route=\/wp\/v2\/pages"}],"about":[{"href":"https:\/\/gci.ovh\/index.php?rest_route=\/wp\/v2\/types\/page"}],"author":[{"embeddable":true,"href":"https:\/\/gci.ovh\/index.php?rest_route=\/wp\/v2\/users\/1"}],"replies":[{"embeddable":true,"href":"https:\/\/gci.ovh\/index.php?rest_route=%2Fwp%2Fv2%2Fcomments&post=199"}],"version-history":[{"count":4,"href":"https:\/\/gci.ovh\/index.php?rest_route=\/wp\/v2\/pages\/199\/revisions"}],"predecessor-version":[{"id":220,"href":"https:\/\/gci.ovh\/index.php?rest_route=\/wp\/v2\/pages\/199\/revisions\/220"}],"wp:attachment":[{"href":"https:\/\/gci.ovh\/index.php?rest_route=%2Fwp%2Fv2%2Fmedia&parent=199"}],"curies":[{"name":"wp","href":"https:\/\/api.w.org\/{rel}","templated":true}]}}